{"id":3405,"date":"2025-05-15T10:07:41","date_gmt":"2025-05-15T08:07:41","guid":{"rendered":"https:\/\/faustinepresente.com\/?page_id=3405"},"modified":"2025-05-15T12:05:54","modified_gmt":"2025-05-15T10:05:54","slug":"music-video","status":"publish","type":"page","link":"https:\/\/faustinepresente.com\/index.php\/music-video\/","title":{"rendered":"Music video"},"content":{"rendered":"\t\t<div data-elementor-type=\"wp-page\" data-elementor-id=\"3405\" class=\"elementor elementor-3405\">\n\t\t\t\t\t\t<section class=\"elementor-section elementor-top-section elementor-element elementor-element-b3bcebb elementor-section-boxed elementor-section-height-default elementor-section-height-default\" data-id=\"b3bcebb\" data-element_type=\"section\" data-e-type=\"section\">\n\t\t\t\t\t\t<div class=\"elementor-container elementor-column-gap-default\">\n\t\t\t\t\t<div class=\"elementor-column elementor-col-100 elementor-top-column elementor-element elementor-element-98e37ff\" data-id=\"98e37ff\" data-element_type=\"column\" data-e-type=\"column\">\n\t\t\t<div class=\"elementor-widget-wrap elementor-element-populated\">\n\t\t\t\t\t\t<div class=\"elementor-element elementor-element-6cb7f94 elementor-widget elementor-widget-heading\" data-id=\"6cb7f94\" data-element_type=\"widget\" data-e-type=\"widget\" data-widget_type=\"heading.default\">\n\t\t\t\t<div class=\"elementor-widget-container\">\n\t\t\t\t\t<h2 class=\"elementor-heading-title elementor-size-default\">Weird Wolves<\/h2>\t\t\t\t<\/div>\n\t\t\t\t<\/div>\n\t\t\t\t\t<\/div>\n\t\t<\/div>\n\t\t\t\t\t<\/div>\n\t\t<\/section>\n\t\t\t\t<section class=\"elementor-section elementor-top-section elementor-element elementor-element-448ccd6 elementor-section-boxed elementor-section-height-default elementor-section-height-default\" data-id=\"448ccd6\" data-element_type=\"section\" data-e-type=\"section\">\n\t\t\t\t\t\t<div class=\"elementor-container elementor-column-gap-default\">\n\t\t\t\t\t<div class=\"elementor-column elementor-col-100 elementor-top-column elementor-element elementor-element-4506005\" data-id=\"4506005\" data-element_type=\"column\" data-e-type=\"column\">\n\t\t\t<div class=\"elementor-widget-wrap elementor-element-populated\">\n\t\t\t\t\t\t<div class=\"elementor-element elementor-element-29dc92d elementor-widget elementor-widget-video\" data-id=\"29dc92d\" data-element_type=\"widget\" data-e-type=\"widget\" data-settings=\"{&quot;youtube_url&quot;:&quot;https:\\\/\\\/www.youtube.com\\\/watch?v=8Yw3ucf41uw&quot;,&quot;video_type&quot;:&quot;youtube&quot;,&quot;controls&quot;:&quot;yes&quot;}\" data-widget_type=\"video.default\">\n\t\t\t\t<div class=\"elementor-widget-container\">\n\t\t\t\t\t\t\t<div class=\"elementor-wrapper elementor-open-inline\">\n\t\t\t<div class=\"elementor-video\"><\/div>\t\t<\/div>\n\t\t\t\t\t\t<\/div>\n\t\t\t\t<\/div>\n\t\t\t\t\t<\/div>\n\t\t<\/div>\n\t\t\t\t\t<\/div>\n\t\t<\/section>\n\t\t\t\t<section class=\"elementor-section elementor-top-section elementor-element elementor-element-2a85fc6 elementor-section-boxed elementor-section-height-default elementor-section-height-default\" data-id=\"2a85fc6\" data-element_type=\"section\" data-e-type=\"section\">\n\t\t\t\t\t\t<div class=\"elementor-container elementor-column-gap-default\">\n\t\t\t\t\t<div class=\"elementor-column elementor-col-100 elementor-top-column elementor-element elementor-element-161772e\" data-id=\"161772e\" data-element_type=\"column\" data-e-type=\"column\">\n\t\t\t<div class=\"elementor-widget-wrap elementor-element-populated\">\n\t\t\t\t\t\t<div class=\"elementor-element elementor-element-3d2ae1d elementor-widget elementor-widget-heading\" data-id=\"3d2ae1d\" data-element_type=\"widget\" data-e-type=\"widget\" data-widget_type=\"heading.default\">\n\t\t\t\t<div class=\"elementor-widget-container\">\n\t\t\t\t\t<h3 class=\"elementor-heading-title elementor-size-default\"><a href=\"https:\/\/www.youtube.com\/watch?v=8Yw3ucf41uw\" target=\"_blank\">Alive (Betula pendula tristis) <\/a><\/h3>\t\t\t\t<\/div>\n\t\t\t\t<\/div>\n\t\t\t\t\t<\/div>\n\t\t<\/div>\n\t\t\t\t\t<\/div>\n\t\t<\/section>\n\t\t\t\t<section class=\"elementor-section elementor-top-section elementor-element elementor-element-ecef629 elementor-section-boxed elementor-section-height-default elementor-section-height-default\" data-id=\"ecef629\" data-element_type=\"section\" data-e-type=\"section\">\n\t\t\t\t\t\t<div class=\"elementor-container elementor-column-gap-default\">\n\t\t\t\t\t<div class=\"elementor-column elementor-col-100 elementor-top-column elementor-element elementor-element-d80369e\" data-id=\"d80369e\" data-element_type=\"column\" data-e-type=\"column\">\n\t\t\t<div class=\"elementor-widget-wrap elementor-element-populated\">\n\t\t\t\t\t\t<div class=\"elementor-element elementor-element-62dd2f8 elementor-widget__width-initial elementor-widget-mobile__width-initial elementor-widget elementor-widget-text-editor\" data-id=\"62dd2f8\" data-element_type=\"widget\" data-e-type=\"widget\" data-widget_type=\"text-editor.default\">\n\t\t\t\t<div class=\"elementor-widget-container\">\n\t\t\t\t\t\t\t\t\t<h4><span style=\"font-size: 1rem;\">Unofficial video version of \u00ab\u00a0Alive\u00a0\u00bb, the song by Weird Wolves.<\/span><\/h4><h4><span class=\"yt-core-attributed-string--link-inherit-color\" dir=\"auto\" style=\"font-size: 1rem;\">\ud83c\udfbc \u00ab\u00a0<a href=\"https:\/\/weirdwolvesmusic.bandcamp.com\/track\/alive\" target=\"_blank\" rel=\"noopener\">Alive<\/a>\u00a0\u00bb \u2013\u00a0<\/span><span class=\"yt-core-attributed-string--link-inherit-color\" dir=\"auto\" style=\"font-size: 1rem;\">A song by <a href=\"https:\/\/www.weirdwolves.com\" target=\"_blank\" rel=\"noopener\">Weird Wolves<\/a><\/span><br \/><span style=\"font-size: 1rem;\">Vocals: <\/span><a style=\"font-size: 1rem;\" href=\"https:\/\/www.instagram.com\/celestinagravelymusic\/\" target=\"_blank\" rel=\"noopener\">Celestina Gravely<\/a><span style=\"font-size: 1rem;\"> and <\/span><a style=\"font-size: 1rem;\" href=\"https:\/\/www.instagram.com\/rafcolantonio\/\" target=\"_blank\" rel=\"noopener\">Rapha\u00ebl Colantonio<\/a><br \/><span style=\"font-size: 1rem;\">Keyboard: <\/span><a style=\"font-size: 1rem;\" href=\"https:\/\/www.instagram.com\/filiusdex\/\" target=\"_blank\" rel=\"noopener\">Ben Post<\/a><br \/><span style=\"font-size: 1rem;\">Music: Rapha\u00ebl Colantonio<\/span><br \/><span style=\"font-size: 1rem;\">Lyrics: Rapha\u00ebl Colantonio and Celestina Gravely<\/span><br \/><span style=\"font-size: 1rem;\">Produced by: <\/span><a style=\"font-size: 1rem;\" href=\"https:\/\/www.instagram.com\/rogue.vhs\/\" target=\"_blank\" rel=\"noopener\">Rogue VHS<\/a><\/h4><h4><span style=\"font-size: 1rem;\">This music video contains excerpts from the official video of \u00ab\u00a0<\/span><a style=\"font-size: 1rem;\" href=\"https:\/\/www.youtube.com\/watch?v=eRVjxo0_kDQ\" target=\"_blank\" rel=\"noopener\">Alive<\/a><span style=\"font-size: 1rem;\">\u00a0\u00bb by Weird Wolves. Interpretation, self-videos, and editing by Faustine Audureau aka Faustine Pr\u00e9sente.<\/span><\/h4><h4><span class=\"yt-core-attributed-string--link-inherit-color\" dir=\"auto\" style=\"font-size: 1rem;\">The official music video was f<\/span><span class=\"yt-core-attributed-string--link-inherit-color\" dir=\"auto\" style=\"font-size: 1rem;\">ilmed at HowMuch?!<\/span><br \/><span style=\"font-size: 1rem;\">Studios Camera operators: Phil Kegley and Paul Chapin<\/span><br \/><span style=\"font-size: 1rem;\">Edited by: Rapha\u00ebl Colantonio<\/span><\/h4><h4><a class=\"yt-core-attributed-string__link yt-core-attributed-string__link--call-to-action-color\" style=\"font-size: 1rem;\" tabindex=\"0\" href=\"https:\/\/www.youtube.com\/redirect?event=video_description&amp;redir_token=QUFFLUhqa3hYbzRPNFdWcG9FdFNodHV5QXkwSGVmNGlhZ3xBQ3Jtc0ttbkdBajgyRUMwUmpNUldUbTRmamhIY3Z5N1MtNnhwc0kxd2ZxMTVVQXJGRktIbGpHeHZSUVZHOXRGZTlUMG5hTGJEVEp3MjMtQ2pncTdQLXIyNEYzMndOYTJmV3VVNVhOOEJkTzhya2t2bmNZR3dTbw&amp;q=https%3A%2F%2Fwww.instagram.com%2Fweirdwolvesmusic%2F&amp;v=8Yw3ucf41uw\" target=\"_blank\" rel=\"nofollow noopener\" aria-label=\"Instagram Channel Link: weirdwolvesmusic\"><span class=\"yt-core-attributed-string--inline-block-mod\"><img decoding=\"async\" class=\"yt-core-image yt-core-attributed-string__image-element yt-core-attributed-string__image-element--image-alignment-vertical-center yt-core-image--content-mode-scale-to-fill yt-core-image--loaded alignleft\" src=\"https:\/\/www.gstatic.com\/youtube\/img\/watch\/social_media\/instagram_1x.png\" alt=\"\" \/><\/span><\/a><a href=\"https:\/\/www.instagram.com\/weirdwolvesmusic\/\" target=\"_blank\" rel=\"noopener\">@weirdwolvesmusic<\/a><\/h4>\t\t\t\t\t\t\t\t<\/div>\n\t\t\t\t<\/div>\n\t\t\t\t\t<\/div>\n\t\t<\/div>\n\t\t\t\t\t<\/div>\n\t\t<\/section>\n\t\t\t\t<section class=\"elementor-section elementor-top-section elementor-element elementor-element-de3c6dd elementor-section-boxed elementor-section-height-default elementor-section-height-default\" data-id=\"de3c6dd\" data-element_type=\"section\" data-e-type=\"section\">\n\t\t\t\t\t\t<div class=\"elementor-container elementor-column-gap-default\">\n\t\t\t\t\t<div class=\"elementor-column elementor-col-100 elementor-top-column elementor-element elementor-element-576bdb9\" data-id=\"576bdb9\" data-element_type=\"column\" data-e-type=\"column\">\n\t\t\t<div class=\"elementor-widget-wrap elementor-element-populated\">\n\t\t\t\t\t\t<div class=\"elementor-element elementor-element-e6c8a64 elementor-widget elementor-widget-text-editor\" data-id=\"e6c8a64\" data-element_type=\"widget\" data-e-type=\"widget\" data-widget_type=\"text-editor.default\">\n\t\t\t\t<div class=\"elementor-widget-container\">\n\t\t\t\t\t\t\t\t\t<h6><span class=\"yt-core-attributed-string--link-inherit-color\" dir=\"auto\">Musique et vid\u00e9o-clip de \u00ab\u00a0Alive\u00a0\u00bb : Rapha\u00ebl Colantonio, utilis\u00e9s avec permission.<\/span><\/h6>\t\t\t\t\t\t\t\t<\/div>\n\t\t\t\t<\/div>\n\t\t\t\t\t<\/div>\n\t\t<\/div>\n\t\t\t\t\t<\/div>\n\t\t<\/section>\n\t\t\t\t<\/div>\n\t\t","protected":false},"excerpt":{"rendered":"<p>Weird Wolves Alive (Betula pendula tristis) Unofficial video version of \u00ab\u00a0Alive\u00a0\u00bb, the song by Weird Wolves. \ud83c\udfbc \u00ab\u00a0Alive\u00a0\u00bb \u2013\u00a0A song by Weird WolvesVocals: Celestina Gravely and Rapha\u00ebl ColantonioKeyboard: Ben PostMusic: Rapha\u00ebl ColantonioLyrics: Rapha\u00ebl Colantonio and Celestina GravelyProduced by: Rogue VHS This music video contains excerpts from the official video of \u00ab\u00a0Alive\u00a0\u00bb by Weird Wolves. Interpretation, &hellip; <\/p>\n<p class=\"link-more\"><a href=\"https:\/\/faustinepresente.com\/index.php\/music-video\/\" class=\"more-link\">Lire la suite de<span class=\"screen-reader-text\">\u00ab\u00a0Music video\u00a0\u00bb<\/span><\/a><\/p>\n","protected":false},"author":1,"featured_media":0,"parent":0,"menu_order":0,"comment_status":"closed","ping_status":"closed","template":"","meta":{"footnotes":""},"class_list":["post-3405","page","type-page","status-publish","hentry"],"yoast_head":"<!-- This site is optimized with the Yoast SEO plugin v27.4 - https:\/\/yoast.com\/product\/yoast-seo-wordpress\/ -->\n<title>Music video - Faustine Pr\u00e9sente<\/title>\n<meta name=\"description\" content=\"Depuis qu&#039;en 1988 j\u2019ai vu Dans les coulisses de Pourvu qu&#039;elles soient douces, making-of du clip de Laurent Boutonnat pour Myl\u00e8ne Farmer, je r\u00eave de faire de la vid\u00e9o.\" \/>\n<meta name=\"robots\" content=\"index, follow, max-snippet:-1, max-image-preview:large, max-video-preview:-1\" \/>\n<link rel=\"canonical\" href=\"https:\/\/faustinepresente.com\/index.php\/music-video\/\" \/>\n<meta property=\"og:locale\" content=\"fr_FR\" \/>\n<meta property=\"og:type\" content=\"article\" \/>\n<meta property=\"og:title\" content=\"Music video - Faustine Pr\u00e9sente\" \/>\n<meta property=\"og:description\" content=\"Depuis qu&#039;en 1988 j\u2019ai vu Dans les coulisses de Pourvu qu&#039;elles soient douces, making-of du clip de Laurent Boutonnat pour Myl\u00e8ne Farmer, je r\u00eave de faire de la vid\u00e9o.\" \/>\n<meta property=\"og:url\" content=\"https:\/\/faustinepresente.com\/index.php\/music-video\/\" \/>\n<meta property=\"og:site_name\" content=\"Faustine Pr\u00e9sente\" \/>\n<meta property=\"article:modified_time\" content=\"2025-05-15T10:05:54+00:00\" \/>\n<meta property=\"og:image\" content=\"https:\/\/www.gstatic.com\/youtube\/img\/watch\/social_media\/instagram_1x.png\" \/>\n<meta name=\"twitter:card\" content=\"summary_large_image\" \/>\n<meta name=\"twitter:label1\" content=\"Dur\u00e9e de lecture estim\u00e9e\" \/>\n\t<meta name=\"twitter:data1\" content=\"1 minute\" \/>\n<script type=\"application\/ld+json\" class=\"yoast-schema-graph\">{\"@context\":\"https:\\\/\\\/schema.org\",\"@graph\":[{\"@type\":\"WebPage\",\"@id\":\"https:\\\/\\\/faustinepresente.com\\\/index.php\\\/music-video\\\/\",\"url\":\"https:\\\/\\\/faustinepresente.com\\\/index.php\\\/music-video\\\/\",\"name\":\"Music video - Faustine Pr\u00e9sente\",\"isPartOf\":{\"@id\":\"https:\\\/\\\/faustinepresente.com\\\/#website\"},\"primaryImageOfPage\":{\"@id\":\"https:\\\/\\\/faustinepresente.com\\\/index.php\\\/music-video\\\/#primaryimage\"},\"image\":{\"@id\":\"https:\\\/\\\/faustinepresente.com\\\/index.php\\\/music-video\\\/#primaryimage\"},\"thumbnailUrl\":\"https:\\\/\\\/www.gstatic.com\\\/youtube\\\/img\\\/watch\\\/social_media\\\/instagram_1x.png\",\"datePublished\":\"2025-05-15T08:07:41+00:00\",\"dateModified\":\"2025-05-15T10:05:54+00:00\",\"description\":\"Depuis qu'en 1988 j\u2019ai vu Dans les coulisses de Pourvu qu'elles soient douces, making-of du clip de Laurent Boutonnat pour Myl\u00e8ne Farmer, je r\u00eave de faire de la vid\u00e9o.\",\"breadcrumb\":{\"@id\":\"https:\\\/\\\/faustinepresente.com\\\/index.php\\\/music-video\\\/#breadcrumb\"},\"inLanguage\":\"fr-FR\",\"potentialAction\":[{\"@type\":\"ReadAction\",\"target\":[\"https:\\\/\\\/faustinepresente.com\\\/index.php\\\/music-video\\\/\"]}]},{\"@type\":\"ImageObject\",\"inLanguage\":\"fr-FR\",\"@id\":\"https:\\\/\\\/faustinepresente.com\\\/index.php\\\/music-video\\\/#primaryimage\",\"url\":\"https:\\\/\\\/www.gstatic.com\\\/youtube\\\/img\\\/watch\\\/social_media\\\/instagram_1x.png\",\"contentUrl\":\"https:\\\/\\\/www.gstatic.com\\\/youtube\\\/img\\\/watch\\\/social_media\\\/instagram_1x.png\"},{\"@type\":\"BreadcrumbList\",\"@id\":\"https:\\\/\\\/faustinepresente.com\\\/index.php\\\/music-video\\\/#breadcrumb\",\"itemListElement\":[{\"@type\":\"ListItem\",\"position\":1,\"name\":\"Accueil\",\"item\":\"https:\\\/\\\/faustinepresente.com\\\/\"},{\"@type\":\"ListItem\",\"position\":2,\"name\":\"Music video\"}]},{\"@type\":\"WebSite\",\"@id\":\"https:\\\/\\\/faustinepresente.com\\\/#website\",\"url\":\"https:\\\/\\\/faustinepresente.com\\\/\",\"name\":\"Faustine Pr\u00e9sente\",\"description\":\"Autoportraits photographiques\",\"publisher\":{\"@id\":\"https:\\\/\\\/faustinepresente.com\\\/#organization\"},\"potentialAction\":[{\"@type\":\"SearchAction\",\"target\":{\"@type\":\"EntryPoint\",\"urlTemplate\":\"https:\\\/\\\/faustinepresente.com\\\/?s={search_term_string}\"},\"query-input\":{\"@type\":\"PropertyValueSpecification\",\"valueRequired\":true,\"valueName\":\"search_term_string\"}}],\"inLanguage\":\"fr-FR\"},{\"@type\":\"Organization\",\"@id\":\"https:\\\/\\\/faustinepresente.com\\\/#organization\",\"name\":\"Faustine Pr\u00e9sente\",\"url\":\"https:\\\/\\\/faustinepresente.com\\\/\",\"logo\":{\"@type\":\"ImageObject\",\"inLanguage\":\"fr-FR\",\"@id\":\"https:\\\/\\\/faustinepresente.com\\\/#\\\/schema\\\/logo\\\/image\\\/\",\"url\":\"https:\\\/\\\/faustinepresente.com\\\/wp-content\\\/uploads\\\/2022\\\/12\\\/logo-faustine-6cm-1.jpg\",\"contentUrl\":\"https:\\\/\\\/faustinepresente.com\\\/wp-content\\\/uploads\\\/2022\\\/12\\\/logo-faustine-6cm-1.jpg\",\"width\":709,\"height\":330,\"caption\":\"Faustine Pr\u00e9sente\"},\"image\":{\"@id\":\"https:\\\/\\\/faustinepresente.com\\\/#\\\/schema\\\/logo\\\/image\\\/\"}}]}<\/script>\n<!-- \/ Yoast SEO plugin. -->","yoast_head_json":{"title":"Music video - Faustine Pr\u00e9sente","description":"Depuis qu'en 1988 j\u2019ai vu Dans les coulisses de Pourvu qu'elles soient douces, making-of du clip de Laurent Boutonnat pour Myl\u00e8ne Farmer, je r\u00eave de faire de la vid\u00e9o.","robots":{"index":"index","follow":"follow","max-snippet":"max-snippet:-1","max-image-preview":"max-image-preview:large","max-video-preview":"max-video-preview:-1"},"canonical":"https:\/\/faustinepresente.com\/index.php\/music-video\/","og_locale":"fr_FR","og_type":"article","og_title":"Music video - Faustine Pr\u00e9sente","og_description":"Depuis qu'en 1988 j\u2019ai vu Dans les coulisses de Pourvu qu'elles soient douces, making-of du clip de Laurent Boutonnat pour Myl\u00e8ne Farmer, je r\u00eave de faire de la vid\u00e9o.","og_url":"https:\/\/faustinepresente.com\/index.php\/music-video\/","og_site_name":"Faustine Pr\u00e9sente","article_modified_time":"2025-05-15T10:05:54+00:00","og_image":[{"url":"https:\/\/www.gstatic.com\/youtube\/img\/watch\/social_media\/instagram_1x.png","type":"","width":"","height":""}],"twitter_card":"summary_large_image","twitter_misc":{"Dur\u00e9e de lecture estim\u00e9e":"1 minute"},"schema":{"@context":"https:\/\/schema.org","@graph":[{"@type":"WebPage","@id":"https:\/\/faustinepresente.com\/index.php\/music-video\/","url":"https:\/\/faustinepresente.com\/index.php\/music-video\/","name":"Music video - Faustine Pr\u00e9sente","isPartOf":{"@id":"https:\/\/faustinepresente.com\/#website"},"primaryImageOfPage":{"@id":"https:\/\/faustinepresente.com\/index.php\/music-video\/#primaryimage"},"image":{"@id":"https:\/\/faustinepresente.com\/index.php\/music-video\/#primaryimage"},"thumbnailUrl":"https:\/\/www.gstatic.com\/youtube\/img\/watch\/social_media\/instagram_1x.png","datePublished":"2025-05-15T08:07:41+00:00","dateModified":"2025-05-15T10:05:54+00:00","description":"Depuis qu'en 1988 j\u2019ai vu Dans les coulisses de Pourvu qu'elles soient douces, making-of du clip de Laurent Boutonnat pour Myl\u00e8ne Farmer, je r\u00eave de faire de la vid\u00e9o.","breadcrumb":{"@id":"https:\/\/faustinepresente.com\/index.php\/music-video\/#breadcrumb"},"inLanguage":"fr-FR","potentialAction":[{"@type":"ReadAction","target":["https:\/\/faustinepresente.com\/index.php\/music-video\/"]}]},{"@type":"ImageObject","inLanguage":"fr-FR","@id":"https:\/\/faustinepresente.com\/index.php\/music-video\/#primaryimage","url":"https:\/\/www.gstatic.com\/youtube\/img\/watch\/social_media\/instagram_1x.png","contentUrl":"https:\/\/www.gstatic.com\/youtube\/img\/watch\/social_media\/instagram_1x.png"},{"@type":"BreadcrumbList","@id":"https:\/\/faustinepresente.com\/index.php\/music-video\/#breadcrumb","itemListElement":[{"@type":"ListItem","position":1,"name":"Accueil","item":"https:\/\/faustinepresente.com\/"},{"@type":"ListItem","position":2,"name":"Music video"}]},{"@type":"WebSite","@id":"https:\/\/faustinepresente.com\/#website","url":"https:\/\/faustinepresente.com\/","name":"Faustine Pr\u00e9sente","description":"Autoportraits photographiques","publisher":{"@id":"https:\/\/faustinepresente.com\/#organization"},"potentialAction":[{"@type":"SearchAction","target":{"@type":"EntryPoint","urlTemplate":"https:\/\/faustinepresente.com\/?s={search_term_string}"},"query-input":{"@type":"PropertyValueSpecification","valueRequired":true,"valueName":"search_term_string"}}],"inLanguage":"fr-FR"},{"@type":"Organization","@id":"https:\/\/faustinepresente.com\/#organization","name":"Faustine Pr\u00e9sente","url":"https:\/\/faustinepresente.com\/","logo":{"@type":"ImageObject","inLanguage":"fr-FR","@id":"https:\/\/faustinepresente.com\/#\/schema\/logo\/image\/","url":"https:\/\/faustinepresente.com\/wp-content\/uploads\/2022\/12\/logo-faustine-6cm-1.jpg","contentUrl":"https:\/\/faustinepresente.com\/wp-content\/uploads\/2022\/12\/logo-faustine-6cm-1.jpg","width":709,"height":330,"caption":"Faustine Pr\u00e9sente"},"image":{"@id":"https:\/\/faustinepresente.com\/#\/schema\/logo\/image\/"}}]}},"_links":{"self":[{"href":"https:\/\/faustinepresente.com\/index.php\/wp-json\/wp\/v2\/pages\/3405","targetHints":{"allow":["GET"]}}],"collection":[{"href":"https:\/\/faustinepresente.com\/index.php\/wp-json\/wp\/v2\/pages"}],"about":[{"href":"https:\/\/faustinepresente.com\/index.php\/wp-json\/wp\/v2\/types\/page"}],"author":[{"embeddable":true,"href":"https:\/\/faustinepresente.com\/index.php\/wp-json\/wp\/v2\/users\/1"}],"replies":[{"embeddable":true,"href":"https:\/\/faustinepresente.com\/index.php\/wp-json\/wp\/v2\/comments?post=3405"}],"version-history":[{"count":0,"href":"https:\/\/faustinepresente.com\/index.php\/wp-json\/wp\/v2\/pages\/3405\/revisions"}],"wp:attachment":[{"href":"https:\/\/faustinepresente.com\/index.php\/wp-json\/wp\/v2\/media?parent=3405"}],"curies":[{"name":"wp","href":"https:\/\/api.w.org\/{rel}","templated":true}]}}